{"id":722,"date":"2026-02-16T14:41:30","date_gmt":"2026-02-16T13:41:30","guid":{"rendered":"https:\/\/www.cls21.fr\/?page_id=722"},"modified":"2026-02-17T17:03:52","modified_gmt":"2026-02-17T16:03:52","slug":"mentions-legales","status":"publish","type":"page","link":"https:\/\/www.cls21.fr\/index.php\/mentions-legales\/","title":{"rendered":"Mentions l\u00e9gales"},"content":{"rendered":"\n<p>&#8211; Laurent Blanchard<br>&#8211; Site web\u00a0: <a href=\"https:\/\/www.cls21.fr\">https:\/\/www.cls21.fr<\/a><br>&#8211; E-mail\u00a0: cls21electricite@gmail.com<br>&#8211; Num\u00e9ro de t\u00e9l\u00e9phone : 0649627495<br>&#8211; N\u00b0 Siren : 987646304<br>&#8211; N\u00b0 RCS (registre du commerce et des soci\u00e9t\u00e9s) : 987 646 304 R.C.S. Dijon<br>&#8211; Responsable de la publication : Laurent Blanchard<br>&#8211; Webmaster : Adrien GONZALEZ<br>&#8211; H\u00e9bergeur : OVH &#8211; 2 rue Kellermann &#8211; 59100 Roubaix &#8211; France<\/p>\n\n\n\n<h5 class=\"wp-block-heading\" id=\"propriete-intellectuelle-et-contrefacons\">Propri\u00e9t\u00e9 intellectuelle et contrefa\u00e7ons<\/h5>\n\n\n\n<p>Ce site, ainsi que tous les \u00e9l\u00e9ments le composant constituent une \u0153uvre au sens du code de la Propri\u00e9t\u00e9 Intellectuelle. La reproduction ou l&rsquo;utilisation, m\u00eame partielle de contenu \u00e0 des fins commerciales, sans le consentement pr\u00e9alable et \u00e9crit du responsable de la publication, est susceptible de poursuites p\u00e9nales&#8230;<\/p>\n","protected":false},"excerpt":{"rendered":"<p>&#8211; Laurent Blanchard&#8211; Site web\u00a0: https:\/\/www.cls21.fr&#8211; E-mail\u00a0: cls21electricite@gmail.com&#8211; Num\u00e9ro de t\u00e9l\u00e9phone : 0649627495&#8211; N\u00b0 Siren : 987646304&#8211; N\u00b0 RCS (registre du commerce et des soci\u00e9t\u00e9s) : 987 646 304 R.C.S. Dijon&#8211; Responsable de la publication : Laurent Blanchard&#8211; Webmaster : Adrien GONZALEZ&#8211; H\u00e9bergeur : OVH &#8211; 2 rue Kellermann &#8211; 59100 Roubaix &#8211; France Propri\u00e9t\u00e9 [&hellip;]<\/p>\n","protected":false},"author":1,"featured_media":0,"parent":0,"menu_order":0,"comment_status":"closed","ping_status":"closed","template":"","meta":{"_gspb_post_css":"","footnotes":""},"class_list":["post-722","page","type-page","status-publish","hentry"],"blocksy_meta":[],"yoast_head":"<!-- This site is optimized with the Yoast SEO plugin v26.9 - https:\/\/yoast.com\/product\/yoast-seo-wordpress\/ -->\n<title>Mentions l\u00e9gales - CLS21<\/title>\n<meta name=\"description\" content=\"CLS 21 entreprise d\u2019\u00e9lectricit\u00e9 g\u00e9n\u00e9rale bas\u00e9e \u00e0 Dijon, certifi\u00e9e RGE Ventilation, sp\u00e9cialis\u00e9e dans l\u2019installation, la r\u00e9novation et le d\u00e9pannage \u00e9lectrique aupr\u00e8s des particuliers et des professionnels.\" \/>\n<meta name=\"robots\" content=\"index, follow, max-snippet:-1, max-image-preview:large, max-video-preview:-1\" \/>\n<link rel=\"canonical\" href=\"https:\/\/www.cls21.fr\/index.php\/mentions-legales\/\" \/>\n<meta property=\"og:locale\" content=\"fr_FR\" \/>\n<meta property=\"og:type\" content=\"article\" \/>\n<meta property=\"og:title\" content=\"Mentions l\u00e9gales - CLS21\" \/>\n<meta property=\"og:description\" content=\"CLS 21 entreprise d\u2019\u00e9lectricit\u00e9 g\u00e9n\u00e9rale bas\u00e9e \u00e0 Dijon, certifi\u00e9e RGE Ventilation, sp\u00e9cialis\u00e9e dans l\u2019installation, la r\u00e9novation et le d\u00e9pannage \u00e9lectrique aupr\u00e8s des particuliers et des professionnels.\" \/>\n<meta property=\"og:url\" content=\"https:\/\/www.cls21.fr\/index.php\/mentions-legales\/\" \/>\n<meta property=\"og:site_name\" content=\"CLS21\" \/>\n<meta property=\"article:modified_time\" content=\"2026-02-17T16:03:52+00:00\" \/>\n<meta property=\"og:image\" content=\"https:\/\/www.cls21.fr\/wp-content\/uploads\/2025\/10\/logo-CLS21.png\" \/>\n\t<meta property=\"og:image:width\" content=\"837\" \/>\n\t<meta property=\"og:image:height\" content=\"451\" \/>\n\t<meta property=\"og:image:type\" content=\"image\/png\" \/>\n<meta name=\"twitter:card\" content=\"summary_large_image\" \/>\n<meta name=\"twitter:label1\" content=\"Dur\u00e9e de lecture estim\u00e9e\" \/>\n\t<meta name=\"twitter:data1\" content=\"1 minute\" \/>\n<script type=\"application\/ld+json\" class=\"yoast-schema-graph\">{\"@context\":\"https:\/\/schema.org\",\"@graph\":[{\"@type\":\"WebPage\",\"@id\":\"https:\/\/www.cls21.fr\/index.php\/mentions-legales\/\",\"url\":\"https:\/\/www.cls21.fr\/index.php\/mentions-legales\/\",\"name\":\"Mentions l\u00e9gales - CLS21\",\"isPartOf\":{\"@id\":\"https:\/\/www.cls21.fr\/#website\"},\"datePublished\":\"2026-02-16T13:41:30+00:00\",\"dateModified\":\"2026-02-17T16:03:52+00:00\",\"description\":\"CLS 21 entreprise d\u2019\u00e9lectricit\u00e9 g\u00e9n\u00e9rale bas\u00e9e \u00e0 Dijon, certifi\u00e9e RGE Ventilation, sp\u00e9cialis\u00e9e dans l\u2019installation, la r\u00e9novation et le d\u00e9pannage \u00e9lectrique aupr\u00e8s des particuliers et des professionnels.\",\"breadcrumb\":{\"@id\":\"https:\/\/www.cls21.fr\/index.php\/mentions-legales\/#breadcrumb\"},\"inLanguage\":\"fr-FR\",\"potentialAction\":[{\"@type\":\"ReadAction\",\"target\":[\"https:\/\/www.cls21.fr\/index.php\/mentions-legales\/\"]}]},{\"@type\":\"BreadcrumbList\",\"@id\":\"https:\/\/www.cls21.fr\/index.php\/mentions-legales\/#breadcrumb\",\"itemListElement\":[{\"@type\":\"ListItem\",\"position\":1,\"name\":\"Accueil\",\"item\":\"https:\/\/www.cls21.fr\/\"},{\"@type\":\"ListItem\",\"position\":2,\"name\":\"Mentions l\u00e9gales\"}]},{\"@type\":\"WebSite\",\"@id\":\"https:\/\/www.cls21.fr\/#website\",\"url\":\"https:\/\/www.cls21.fr\/\",\"name\":\"CLS21\",\"description\":\"Electricit\u00e9 G\u00e9n\u00e9rale\",\"publisher\":{\"@id\":\"https:\/\/www.cls21.fr\/#organization\"},\"potentialAction\":[{\"@type\":\"SearchAction\",\"target\":{\"@type\":\"EntryPoint\",\"urlTemplate\":\"https:\/\/www.cls21.fr\/?s={search_term_string}\"},\"query-input\":{\"@type\":\"PropertyValueSpecification\",\"valueRequired\":true,\"valueName\":\"search_term_string\"}}],\"inLanguage\":\"fr-FR\"},{\"@type\":\"Organization\",\"@id\":\"https:\/\/www.cls21.fr\/#organization\",\"name\":\"CLS21\",\"url\":\"https:\/\/www.cls21.fr\/\",\"logo\":{\"@type\":\"ImageObject\",\"inLanguage\":\"fr-FR\",\"@id\":\"https:\/\/www.cls21.fr\/#\/schema\/logo\/image\/\",\"url\":\"https:\/\/www.cls21.fr\/wp-content\/uploads\/2025\/10\/logo-CLS21.png\",\"contentUrl\":\"https:\/\/www.cls21.fr\/wp-content\/uploads\/2025\/10\/logo-CLS21.png\",\"width\":837,\"height\":451,\"caption\":\"CLS21\"},\"image\":{\"@id\":\"https:\/\/www.cls21.fr\/#\/schema\/logo\/image\/\"}}]}<\/script>\n<!-- \/ Yoast SEO plugin. -->","yoast_head_json":{"title":"Mentions l\u00e9gales - CLS21","description":"CLS 21 entreprise d\u2019\u00e9lectricit\u00e9 g\u00e9n\u00e9rale bas\u00e9e \u00e0 Dijon, certifi\u00e9e RGE Ventilation, sp\u00e9cialis\u00e9e dans l\u2019installation, la r\u00e9novation et le d\u00e9pannage \u00e9lectrique aupr\u00e8s des particuliers et des professionnels.","robots":{"index":"index","follow":"follow","max-snippet":"max-snippet:-1","max-image-preview":"max-image-preview:large","max-video-preview":"max-video-preview:-1"},"canonical":"https:\/\/www.cls21.fr\/index.php\/mentions-legales\/","og_locale":"fr_FR","og_type":"article","og_title":"Mentions l\u00e9gales - CLS21","og_description":"CLS 21 entreprise d\u2019\u00e9lectricit\u00e9 g\u00e9n\u00e9rale bas\u00e9e \u00e0 Dijon, certifi\u00e9e RGE Ventilation, sp\u00e9cialis\u00e9e dans l\u2019installation, la r\u00e9novation et le d\u00e9pannage \u00e9lectrique aupr\u00e8s des particuliers et des professionnels.","og_url":"https:\/\/www.cls21.fr\/index.php\/mentions-legales\/","og_site_name":"CLS21","article_modified_time":"2026-02-17T16:03:52+00:00","og_image":[{"width":837,"height":451,"url":"https:\/\/www.cls21.fr\/wp-content\/uploads\/2025\/10\/logo-CLS21.png","type":"image\/png"}],"twitter_card":"summary_large_image","twitter_misc":{"Dur\u00e9e de lecture estim\u00e9e":"1 minute"},"schema":{"@context":"https:\/\/schema.org","@graph":[{"@type":"WebPage","@id":"https:\/\/www.cls21.fr\/index.php\/mentions-legales\/","url":"https:\/\/www.cls21.fr\/index.php\/mentions-legales\/","name":"Mentions l\u00e9gales - CLS21","isPartOf":{"@id":"https:\/\/www.cls21.fr\/#website"},"datePublished":"2026-02-16T13:41:30+00:00","dateModified":"2026-02-17T16:03:52+00:00","description":"CLS 21 entreprise d\u2019\u00e9lectricit\u00e9 g\u00e9n\u00e9rale bas\u00e9e \u00e0 Dijon, certifi\u00e9e RGE Ventilation, sp\u00e9cialis\u00e9e dans l\u2019installation, la r\u00e9novation et le d\u00e9pannage \u00e9lectrique aupr\u00e8s des particuliers et des professionnels.","breadcrumb":{"@id":"https:\/\/www.cls21.fr\/index.php\/mentions-legales\/#breadcrumb"},"inLanguage":"fr-FR","potentialAction":[{"@type":"ReadAction","target":["https:\/\/www.cls21.fr\/index.php\/mentions-legales\/"]}]},{"@type":"BreadcrumbList","@id":"https:\/\/www.cls21.fr\/index.php\/mentions-legales\/#breadcrumb","itemListElement":[{"@type":"ListItem","position":1,"name":"Accueil","item":"https:\/\/www.cls21.fr\/"},{"@type":"ListItem","position":2,"name":"Mentions l\u00e9gales"}]},{"@type":"WebSite","@id":"https:\/\/www.cls21.fr\/#website","url":"https:\/\/www.cls21.fr\/","name":"CLS21","description":"Electricit\u00e9 G\u00e9n\u00e9rale","publisher":{"@id":"https:\/\/www.cls21.fr\/#organization"},"potentialAction":[{"@type":"SearchAction","target":{"@type":"EntryPoint","urlTemplate":"https:\/\/www.cls21.fr\/?s={search_term_string}"},"query-input":{"@type":"PropertyValueSpecification","valueRequired":true,"valueName":"search_term_string"}}],"inLanguage":"fr-FR"},{"@type":"Organization","@id":"https:\/\/www.cls21.fr\/#organization","name":"CLS21","url":"https:\/\/www.cls21.fr\/","logo":{"@type":"ImageObject","inLanguage":"fr-FR","@id":"https:\/\/www.cls21.fr\/#\/schema\/logo\/image\/","url":"https:\/\/www.cls21.fr\/wp-content\/uploads\/2025\/10\/logo-CLS21.png","contentUrl":"https:\/\/www.cls21.fr\/wp-content\/uploads\/2025\/10\/logo-CLS21.png","width":837,"height":451,"caption":"CLS21"},"image":{"@id":"https:\/\/www.cls21.fr\/#\/schema\/logo\/image\/"}}]}},"_links":{"self":[{"href":"https:\/\/www.cls21.fr\/index.php\/wp-json\/wp\/v2\/pages\/722","targetHints":{"allow":["GET"]}}],"collection":[{"href":"https:\/\/www.cls21.fr\/index.php\/wp-json\/wp\/v2\/pages"}],"about":[{"href":"https:\/\/www.cls21.fr\/index.php\/wp-json\/wp\/v2\/types\/page"}],"author":[{"embeddable":true,"href":"https:\/\/www.cls21.fr\/index.php\/wp-json\/wp\/v2\/users\/1"}],"replies":[{"embeddable":true,"href":"https:\/\/www.cls21.fr\/index.php\/wp-json\/wp\/v2\/comments?post=722"}],"version-history":[{"count":5,"href":"https:\/\/www.cls21.fr\/index.php\/wp-json\/wp\/v2\/pages\/722\/revisions"}],"predecessor-version":[{"id":730,"href":"https:\/\/www.cls21.fr\/index.php\/wp-json\/wp\/v2\/pages\/722\/revisions\/730"}],"wp:attachment":[{"href":"https:\/\/www.cls21.fr\/index.php\/wp-json\/wp\/v2\/media?parent=722"}],"curies":[{"name":"wp","href":"https:\/\/api.w.org\/{rel}","templated":true}]}}